{"id":12351,"date":"2024-12-02T12:17:30","date_gmt":"2024-12-02T17:17:30","guid":{"rendered":"https:\/\/alaslibertadconsciente.com\/cursosonline\/?post_type=product&#038;p=12351"},"modified":"2025-04-15T11:10:32","modified_gmt":"2025-04-15T16:10:32","slug":"membresia-expande-tu-luz","status":"publish","type":"product","link":"https:\/\/alaslibertadconsciente.com\/cursosonline\/product\/membresia-expande-tu-luz\/","title":{"rendered":"Membres\u00eda &#8211; Expande tu Luz"},"content":{"rendered":"<div class=\"flex-shrink-0 flex flex-col relative items-end\">\n<div>\n<div class=\"pt-0\">\n<div class=\"gizmo-bot-avatar flex h-8 w-8 items-center justify-center overflow-hidden rounded-full\">\n<div class=\"relative p-1 rounded-sm flex items-center justify-center bg-token-main-surface-primary text-token-text-primary h-8 w-8\"><strong>\u2728 Expande Tu Luz &#8211; Un espacio de conexi\u00f3n y transformaci\u00f3n \u2728<\/strong><\/div>\n<\/div>\n<\/div>\n<\/div>\n<\/div>\n<div class=\"group\/conversation-turn relative flex w-full min-w-0 flex-col agent-turn\">\n<div class=\"flex-col gap-1 md:gap-3\">\n<div class=\"flex max-w-full flex-col flex-grow\">\n<div class=\"min-h-8 text-message flex w-full flex-col items-end gap-2 whitespace-normal break-words [.text-message+&amp;]:mt-5\" dir=\"auto\" data-message-author-role=\"assistant\" data-message-id=\"913834ef-67fa-4fc7-9ac2-0cd2ed93c4aa\" data-message-model-slug=\"gpt-4o\">\n<div class=\"flex w-full flex-col gap-1 empty:hidden first:pt-[3px]\">\n<div class=\"markdown prose w-full break-words dark:prose-invert dark\">\n<p><span>\u00bfSientes que necesitas mantener viva tu conexi\u00f3n espiritual, integrar nuevas herramientas y seguir creciendo en comunidad? <\/span><em><span>Expande Tu Luz<\/span><\/em><span> es el espacio que estabas buscando.<\/span><\/p>\n<p><span>Con esta membres\u00eda, podr\u00e1s: <\/span><br \/>\n<span>\ud83c\udf1f <\/span><strong><span>Mantener activa tu conexi\u00f3n con la divinidad:<\/span><\/strong><span> Aprende a escuchar tu gu\u00eda interna ya fortalecer tu energ\u00eda espiritual. <\/span><br \/>\n<span>\ud83c\udf1f <\/span><strong><span>Integrar herramientas pr\u00e1cticas:<\/span><\/strong><span> Descubre meditaciones, reflexiones y ejercicios que transformar\u00e1n tu d\u00eda a d\u00eda. <\/span><br \/>\n<span>\ud83c\udf1f <\/span><strong><span>Pertenecer a una comunidad vibrante:<\/span><\/strong><span> Conecta con personas que comparten tu inter\u00e9s por la espiritualidad y el crecimiento personal. <\/span><br \/>\n<span>\ud83c\udf1f <\/span><strong><span>Expandir tu luz interior:<\/span><\/strong><span> A trav\u00e9s de sesiones llenas de inspiraci\u00f3n y pr\u00e1cticas guiadas, llevar\u00e1s tu conciencia a un nuevo nivel.<\/span><\/p>\n<p><strong><span>\u00bfQu\u00e9 incluye tu membres\u00eda?<\/span><\/strong><br \/>\n<span> \u2705 <\/span><strong><span>Dos sesiones en vivo por meses<\/span><\/strong><span> (90 minutos cada una), v\u00eda Zoom. <\/span><br \/>\n<span>\u2705 Grabaciones disponibles para que las veas cuando desees. <\/span><br \/>\n<span>\u2705 Descarga de diapositivas y meditaciones utilizadas en cada sesi\u00f3n. <\/span><br \/>\n<span>\u2705 <\/span><strong><span>Sesiones adicionales<\/span><\/strong><span> con invitados especiales. <\/span><br \/>\n<span>\u2705 Acceso a un espacio dise\u00f1ado para transformar, sanar y expandir tu ser.<\/span><\/p>\n<p><strong><span>\u00bfA qui\u00e9n va dirigido?<\/span><\/strong><br \/>\n<span> Este espacio est\u00e1 dise\u00f1ado para:<\/span><\/p>\n<ul>\n<li><span>Alumnas y exalumnas de los programas de Alas que desean mantenerse conectadas y actualizadas.<\/span><\/li>\n<li><span>Miembros de la comunidad de Alas que buscan un lugar para profundizar en su espiritualidad.<\/span><\/li>\n<li><span>Nuevas personas interesadas en explorar su conexi\u00f3n con la divinidad.<\/span><\/li>\n<\/ul>\n<\/div>\n<\/div>\n<\/div>\n<\/div>\n<\/div>\n<\/div>\n","protected":false},"excerpt":{"rendered":"<p><strong>\u2728 Expande Tu Luz: Tu espacio de conexi\u00f3n y transformaci\u00f3n \u2728<\/strong><br \/>\nDos sesiones mensuales en vivo, meditaciones, herramientas pr\u00e1cticas y una comunidad vibrante para mantener activa tu conexi\u00f3n espiritual y expandir tu conciencia. \ud83c\udf1f<\/p>\n<p><strong>\u00a1\u00danete ahora y expande tu luz interior!<\/strong><\/p>\n","protected":false},"featured_media":12352,"comment_status":"open","ping_status":"closed","template":"","meta":{"_et_pb_use_builder":"","_et_pb_old_content":"","_et_gb_content_width":""},"product_brand":[],"product_cat":[293],"product_tag":[],"class_list":{"0":"post-12351","1":"product","2":"type-product","3":"status-publish","4":"has-post-thumbnail","6":"product_cat-membresia-2","8":"first","9":"instock","10":"featured","11":"virtual","12":"purchasable","13":"product-type-simple"},"_links":{"self":[{"href":"https:\/\/alaslibertadconsciente.com\/cursosonline\/wp-json\/wp\/v2\/product\/12351","targetHints":{"allow":["GET"]}}],"collection":[{"href":"https:\/\/alaslibertadconsciente.com\/cursosonline\/wp-json\/wp\/v2\/product"}],"about":[{"href":"https:\/\/alaslibertadconsciente.com\/cursosonline\/wp-json\/wp\/v2\/types\/product"}],"replies":[{"embeddable":true,"href":"https:\/\/alaslibertadconsciente.com\/cursosonline\/wp-json\/wp\/v2\/comments?post=12351"}],"wp:featuredmedia":[{"embeddable":true,"href":"https:\/\/alaslibertadconsciente.com\/cursosonline\/wp-json\/wp\/v2\/media\/12352"}],"wp:attachment":[{"href":"https:\/\/alaslibertadconsciente.com\/cursosonline\/wp-json\/wp\/v2\/media?parent=12351"}],"wp:term":[{"taxonomy":"product_brand","embeddable":true,"href":"https:\/\/alaslibertadconsciente.com\/cursosonline\/wp-json\/wp\/v2\/product_brand?post=12351"},{"taxonomy":"product_cat","embeddable":true,"href":"https:\/\/alaslibertadconsciente.com\/cursosonline\/wp-json\/wp\/v2\/product_cat?post=12351"},{"taxonomy":"product_tag","embeddable":true,"href":"https:\/\/alaslibertadconsciente.com\/cursosonline\/wp-json\/wp\/v2\/product_tag?post=12351"}],"curies":[{"name":"wp","href":"https:\/\/api.w.org\/{rel}","templated":true}]}}