{"id":12537,"date":"2025-02-06T19:17:59","date_gmt":"2025-02-07T00:17:59","guid":{"rendered":"https:\/\/alaslibertadconsciente.com\/cursosonline\/?post_type=product&#038;p=12537"},"modified":"2026-04-25T14:51:34","modified_gmt":"2026-04-25T19:51:34","slug":"diplomado-en-angeologia-on-line-mensual-2025","status":"publish","type":"product","link":"https:\/\/alaslibertadconsciente.com\/cursosonline\/product\/diplomado-en-angeologia-on-line-mensual-2025\/","title":{"rendered":"Diplomado en Angeolog\u00eda On Line &#8211; Mensual 2025"},"content":{"rendered":"<p>DIPLOMADO en ANGEOLOG\u00cdA VIRTUAL<\/p>\n<p>Este diplomado tiene como objetivo que tu descubras desde tu ser interior como conectas con estos maravillosos seres de luz, y desde la conexi\u00f3n con ellos continuar con tu prop\u00f3sito de vida desde un nivel m\u00e1s consciente, transformando tu visi\u00f3n de la vida, permiti\u00e9ndote as\u00ed vivirla con mayor armon\u00eda, serenidad y felicidad.<\/p>\n<p>El diplomado consta de 3 m\u00f3dulos:<\/p>\n<p>M\u00f3dulo 1. Autosanaci\u00f3n:<br \/>\nAprender\u00e1s como funciona tu sistema energ\u00e9tico, como limpiarlo y armonizarlo para comunicarte con\u00a0los\u00a0\u00c1ngeles.<\/p>\n<p>M\u00f3dulo 2. Conexi\u00f3n Divina:<br \/>\nLimpiar\u00e1s y abrir\u00e1s tus canales de conexi\u00f3n con la divinidad y empezar\u00e1s a identificar tus dones y a\u00a0desarrollarlos.<\/p>\n<p>M\u00f3dulo 3. En este m\u00f3dulo cuando ya est\u00e1s trabajando de manera adecuada la energ\u00eda y est\u00e1s m\u00e1s preparado para usar tus dones, aprender\u00e1s c\u00f3mo establecer comunicaci\u00f3n con los \u00c1ngeles y gu\u00edas espirituales a trav\u00e9s de diferentes m\u00e9todos y elementos como:<br \/>\n-P\u00e9ndulo Angelical<br \/>\n-Or\u00e1culo de los Arc\u00e1ngeles<br \/>\n-Rayos de luz de los Arc\u00e1ngeles<br \/>\n-Canalizaci\u00f3n\u00a0directa<\/p>\n<p>En el proceso te dar\u00e1s cuenta lo sencillo que te resulta.<\/p>\n","protected":false},"excerpt":{"rendered":"<p>Este precio incluye 4 clases en vivo al mes, acceso a contenido grabado, material descargable, y una experiencia de aprendizaje enriquecedora que transformar\u00e1 tu conexi\u00f3n con los \u00e1ngeles.<\/p>\n<p>Duraci\u00f3n: 8 meses<\/p>\n","protected":false},"featured_media":12552,"comment_status":"open","ping_status":"closed","template":"","meta":{"_et_pb_use_builder":"","_et_pb_old_content":"","_et_gb_content_width":""},"product_brand":[],"product_cat":[16],"product_tag":[],"class_list":{"0":"post-12537","1":"product","2":"type-product","3":"status-publish","4":"has-post-thumbnail","6":"product_cat-cursos","8":"first","9":"instock","10":"virtual","11":"purchasable","12":"product-type-simple"},"_links":{"self":[{"href":"https:\/\/alaslibertadconsciente.com\/cursosonline\/wp-json\/wp\/v2\/product\/12537","targetHints":{"allow":["GET"]}}],"collection":[{"href":"https:\/\/alaslibertadconsciente.com\/cursosonline\/wp-json\/wp\/v2\/product"}],"about":[{"href":"https:\/\/alaslibertadconsciente.com\/cursosonline\/wp-json\/wp\/v2\/types\/product"}],"replies":[{"embeddable":true,"href":"https:\/\/alaslibertadconsciente.com\/cursosonline\/wp-json\/wp\/v2\/comments?post=12537"}],"wp:featuredmedia":[{"embeddable":true,"href":"https:\/\/alaslibertadconsciente.com\/cursosonline\/wp-json\/wp\/v2\/media\/12552"}],"wp:attachment":[{"href":"https:\/\/alaslibertadconsciente.com\/cursosonline\/wp-json\/wp\/v2\/media?parent=12537"}],"wp:term":[{"taxonomy":"product_brand","embeddable":true,"href":"https:\/\/alaslibertadconsciente.com\/cursosonline\/wp-json\/wp\/v2\/product_brand?post=12537"},{"taxonomy":"product_cat","embeddable":true,"href":"https:\/\/alaslibertadconsciente.com\/cursosonline\/wp-json\/wp\/v2\/product_cat?post=12537"},{"taxonomy":"product_tag","embeddable":true,"href":"https:\/\/alaslibertadconsciente.com\/cursosonline\/wp-json\/wp\/v2\/product_tag?post=12537"}],"curies":[{"name":"wp","href":"https:\/\/api.w.org\/{rel}","templated":true}]}}